3*i - 3 - s = -x, -x - 3 = 0. Suppose i*y - 11*y = -576. What is the greatest common factor of y and 108?
36
Let k(l) = 0 - 3*l + 2*l**2 - 3 + l. Let q be k(4). Let y(v) = v**3 - 70*v**2 + 611*v + 432. Let d be y(11). What is the highest common factor of d and q?
7
Suppose w - 1653 = u - 12963, 0 = -2*u + w + 22614. Calculate the highest common divisor of 24 and u.
24
Suppose 3*h = -q + 30188, 0 = -5*h - 4*q - 509 + 50827. Calculate the highest common factor of 172 and h.
86
Let g be 241 + -225 - (0 + 0 + 5). Let l(y) = y**2 + 55. Let h be l(0). What is the highest common factor of g and h?
11
Let s(i) = -5*i - 25*i**2 - 3*i - i**3 - 15 - 40 - 7*i. Let y be s(-25). What is the greatest common factor of y and 10?
10
Suppose m = -3*m + 24. Let d(x) = -10*x + 80. Let g be d(m). Calculate the highest common factor of 380 and g.
20
Let v be (((-48)/(-56))/(3/14))/(-2). Let q be (-1 - (-33)/v)*48/(-28). Let x be 6 + 3/6*0. What is the highest common divisor of q and x?
6
Let o be 14*171/133 + 1558. What is the highest common divisor of 8 and o?
8
Suppose 0 = -81*b + 11414 - 2180. Calculate the greatest common factor of 722 and b.
38
Let i be (126/24)/(-7) + (-19)/(-4). Suppose -2*h - 1050 = -7*h - u, -20 = -i*u. Calculate the greatest common factor of 38 and h.
19
Let a(g) = -9*g + 243. Let l be a(-63). What is the greatest common divisor of l and 66?
6
Suppose -4*k - 5765 = -8*k - h, -5*h + 25 = 0. Suppose -q - k = -11*q. Calculate the highest common factor of q and 18.
18
Let g = -245 + 259. Calculate the greatest common factor of g and 329.
7
Suppose -549 = -9*r + 423. Calculate the greatest common divisor of 48 and r.
12
Let s(n) = 1343*n**3 - 2*n**2 - 2*n + 2. Let b be s(1). Suppose -b = -29*c + 1907. What is the greatest common divisor of 84 and c?
28
Let f be ((-380)/(-8))/((124/24)/31). What is the greatest common divisor of 525 and f?
15
Let h be -20 + (-33)/(561/(-39610)). What is the highest common divisor of h and 11?
11
Suppose -16*w + 22*w + 1416 = 0. Let c = -221 - w. Calculate the highest common factor of 165 and c.
15
Let j = 12638 + 3309. Calculate the greatest common factor of 37 and j.
37
Let g(s) = 8*s**2 + 6*s + 328. Let p be g(0). What is the greatest common factor of p and 1517?
41
Suppose -11634 = 3*a + 4*k - 50188, -a + 2*k = -12848. Suppose -16*d + a + 3342 = 0. Calculate the highest common divisor of d and 92.
92
Suppose 15*v - 16 = 19*v. Let d be 12015/180 + (-1)/v. Calculate the greatest common divisor of d and 1.
1
Suppose 31 = 5*j - 79. Suppose b - 253 = 5*i, 5*i - 690 = -5*b + 665. Let h = b + -246. Calculate the highest common divisor of h and j.
22
Suppose 5*a + 3*y - 4755 = 0, -6*a + 3*a = y - 2849. What is the greatest common factor of a and 8?
4
Let w = -4636 - -4781. What is the greatest common divisor of 5945 and w?
145
Suppose 4*m - 14 - 6 = 0. Let b be (-6)/(-36)*20 - 12/9. Suppose q - 43 = -b*z + m, -4*q - 3*z = -172. Calculate the greatest common factor of q and 5.
5
Let y be (-1215)/54*(-16)/6. Suppose 26*t + 80 = 22*t. Let c be 1/(20/(-15))*t. What is the highest common factor of y and c?
15
Suppose -4*d - 3*p = 1580, -2*p - 790 = 8*d - 6*d. Let v = 563 + d. Calculate the greatest common divisor of v and 252.
84
Let i(g) = 21*g**2 + 21*g - 63. Let u be i(3). What is the greatest common divisor of u and 27?
27
Suppose 8 = 3*i - 2*t, 0 = -i - 301*t + 303*t. What is the greatest common divisor of 150 and i?
2
Suppose g - 2*a = 1, a - 26 = -4*g + 14. Suppose 2916 = 123*j - 111*j. What is the greatest common factor of g and j?
9
Let h(w) = 2*w**2 + 9*w + 8. Let r be h(-4). Suppose 2*k - 2*j = -0 + 4, 0 = 3*k - r*j - 4. What is the greatest common factor of k and 20?
4
Let h be (5 + 30/(-3))/(-1). Suppose n - 4*o + 6*o - 27 = 0, 27 = n + h*o. What is the greatest common factor of n and 3?
3
Let w be 6/12 + (-15)/(-10). Suppose i = w*t - 461, 618 = 4*t + 4*i - 310. What is the greatest common factor of t and 33?
33
Let f be 1 + 13/(-3) + 2/(-3). Let r(c) = c**3 + 5*c**2 + 14*c + 44. Let z be r(f). Calculate the greatest common factor of 108 and z.
4
Let t = 59 + -30. Let c(x) = -x**2 + 30*x + 48. Let q be c(t). What is the greatest common factor of 22 and q?
11
Let p be (-640)/50 + 1/(-5). Let z(a) = -2*a - 29. Let n be z(p). Let j = n - -13. What is the highest common divisor of j and 90?
10
Let m be ((-40)/24 + 2)*-1083. Let c = -233 - m. What is the highest common divisor of c and 2?
2
Let w = -18743 + 18951. What is the greatest common divisor of 6136 and w?
104
Let h be ((-12)/168*7)/(2/(-2208) - 0). What is the highest common divisor of h and 2346?
138
Suppose u = 0, 0*t - 6*t - 24 = 3*u. Let m be 402/t*3230/(-285). What is the highest common divisor of 17 and m?
17
Let l be ((-7803)/(-12) - (-2)/(-8)) + 12 + -6. What is the highest common divisor of 16 and l?
16
Suppose 9335 - 9625 = -58*r. Calculate the highest common factor of r and 3865.
5
Let i be ((-15)/10)/((-33)/3498). Calculate the greatest common factor of 33549 and i.
159
Suppose j - 2 = 5*w, -6*w + j - 2 = -3*w. Suppose -o + 3*c + 9 + 8 = w, o - 13 = 4*c. Let t = 95 - o. Calculate the highest common factor of t and 6.
6
Let u = -175 - -178. Suppose u*f - 903 = 3*q, -5*f - 3*q + 921 = -2*f. What is the highest common divisor of 76 and f?
76
Let n = 6017 - 5929. Let v(a) = a**2 - 2*a + 56. Let o be v(0). What is the greatest common factor of o and n?
8
Suppose -49 = -2*y + k, -2*y + 2*k + 78 = y. Let a = -373 - -262. Let q = 161 + a. What is the greatest common factor of y and q?
10
Suppose -4*b + 2*z = 14, -5*b + z - 15 = -z. Let u be (48/(-30))/b*10. What is the greatest common divisor of 16 and u?
16
Suppose 13*x - 40 = 9*x + 4*w, -2 = 4*x + 3*w. Let y be (0 + (1 - 0))*27. Let t = 5 + y. Calculate the greatest common divisor of t and x.
4
Let f(b) = -11*b - 5. Let c be f(-1). Suppose -s + 46 = -t, s + 5*t - c = 16. Let j = s + -28. Calculate the highest common divisor of 56 and j.
14
Suppose -4635 - 1895 = -91*c + 20042. What is the greatest common factor of c and 73?
73
Suppose -j - 19 - 21 = 0. Let w = j - -125. Let q = -43 + 60. What is the greatest common factor of w and q?
17
Let z(t) = -1631*t + 6715. Let p be z(-13). What is the highest common divisor of p and 94?
94
Let f(x) = 17*x + 1035. Let s be f(-58). Calculate the highest common divisor of 5047 and s.
49
Let t(p) = 10*p + 51. Let i be t(-4). Suppose f = 3, -14*a + 2*f + 192 = -i*a. Calculate the greatest common factor of 165 and a.
33
Suppose 661*x - 658*x = -2*f + 1585, 0 = -2*f + 3*x + 1531. Let y = -104 - -186. Calculate the highest common divisor of f and y.
41
Let f(y) = 119*y + 2241. Let k be f(-18). Calculate the greatest common factor of 220 and k.
11
Suppose 2*j + 5*l + 3 = -4, 2*j + l + 11 = 0. Let q be (j/(-8))/((-3)/(-36)). Calculate the greatest common factor of q and 171.
9
Let z(k) = 2*k**3 + 31*k**2 + 19*k + 401. Let i be z(-13). Calculate the highest common divisor of 74 and i.
37
Let h = 1242 + -967. Let v = 430 + -210. What is the highest common divisor of v and h?
55
Suppose -2*n - n - 5 = -4*u, 3*n - 1 = u. Let r be (-1)/u*(-77 + 1). Calculate the greatest common factor of r and 76.
38
Suppose 0 = -j - 5 + 37. Suppose -47*w - 1351 = -5111. Calculate the highest common factor of j and w.
16
Let s be -224 - 0/(-5 - -2). Let i be ((-24)/(-48))/((-2)/s). Calculate the highest common factor of i and 196.
28
Suppose -w = -9*m - 75, -7*w + 69 = -4*w - m. Calculate the highest common factor of w and 511.
7
Let x be -3*(-70)/(8/((-8)/3)). Let f = 84 + x. Calculate the greatest common factor of f and 378.
14
Let s be 2 - -1 - 5709/33. Let n be s/(-68)*16/10*35. What is the greatest common factor of 350 and n?
70
Let t(x) = 42*x - 153. Let g be t(41). Let d be 14/35 + (g/15 - 1). Let a(u) = 2*u**2 + 4*u - 4. Let k be a(3). Calculate the greatest common factor of k and d.
26
Let s(p) = 7*p**2 - 61*p - 676. Let b be s(-34). Calculate the highest common divisor of b and 650.
130
Suppose 3560*n - 3576*n + 352 = 0. What is the greatest common factor of n and 7898?
22
Let x be 2*-1*(-168)/16. Let f = 20 - x. Let b be f + 1 + (-30)/(-3). Calculate the greatest common divisor of b and 10.
10
Suppose 10*g = -2094 - 4596. Let r = g + 823. Suppose -68 = -5*f + 5*b - 3*b, 0 =